 a composite number?
False
Is 384799 a prime number?
False
Is 219744437 a prime number?
False
Is 1444411 a composite number?
False
Is 8687531 composite?
True
Is 3664187 a composite number?
True
Is 12209534 a composite number?
True
Is 185902219 a composite number?
True
Is 93762101 prime?
True
Is 124462379 composite?
False
Is 1414219 composite?
True
Is 570829 composite?
True
Is 64296931 a composite number?
True
Is 10058099 a composite number?
True
Is 220725887 a prime number?
True
Is 11093689 prime?
False
Is 713129 composite?
False
Is 72077281 a composite number?
False
Is 5599537 a prime number?
True
Is 10559143 composite?
True
Is 1345529 composite?
True
Is 42641 a prime number?
True
Is 9920557 composite?
False
Is 267829 composite?
False
Is 312757 a prime number?
True
Is 83514097 composite?
False
Is 2144941 a prime number?
False
Is 18475081 composite?
False
Is 710257 a composite number?
False
Is 187040827 composite?
False
Is 3174737 composite?
False
Is 74408561 composite?
False
Is 2659399 composite?
False
Is 159301931 a prime number?
True
Is 30232729 prime?
True
Is 23470493 prime?
True
Is 744959 a prime number?
True
Is 2411917 composite?
True
Is 1935589 prime?
True
Is 1400609 a prime number?
False
Is 36352289 prime?
True
Is 54496941 a composite number?
True
Is 1302827 a composite number?
False
Is 4050433 prime?
True
Is 291482155 a composite number?
True
Is 22549963 a composite number?
True
Is 32143393 composite?
False
Is 278538245 a composite number?
True
Is 54990127 a prime number?
True
Is 5834797 a prime number?
True
Is 6390485 a prime number?
False
Is 13291 prime?
True
Is 97370771 a prime number?
False
Is 93967669 prime?
True
Is 16267651 a prime number?
True
Is 27527119 prime?
False
Is 14785973 a prime number?
False
Is 15518173 composite?
True
Is 22725233 prime?
True
Is 63651421 composite?
False
Is 4920367 a prime number?
False
Is 30424957 a composite number?
False
Is 4021763 composite?
True
Is 11097881 prime?
False
Is 52956751 composite?
True
Is 4716083 a composite number?
False
Is 11004419 a prime number?
False
Is 51789691 a prime number?
True
Is 23165137 a prime number?
True
Is 23221037 a composite number?
True
Is 3572519 composite?
False
Is 562746931 a prime number?
True
Is 10274411 a prime number?
False
Is 7848523 a composite number?
True
Is 112321861 composite?
False
Is 5958089 composite?
False
Is 132947359 a composite number?
False
Is 145261789 a composite number?
False
Is 780911 prime?
False
Is 35589377 a composite number?
True
Is 158443369 composite?
True
Is 1762363 a prime number?
False
Is 845849 a composite number?
False
Is 296447 a composite number?
True
Is 10519583 a composite number?
True
Is 29337817 a composite number?
False
Is 50740367 prime?
True
Is 120223979 a prime number?
False
Is 1342127 prime?
False
Is 13859 composite?
False
Is 18001153 prime?
True
Is 20047 prime?
True
Is 3820043 prime?
True
Is 2614987 prime?
True
Is 98776921 prime?
False
Is 1871321 composite?
False
Is 11488837 composite?
False
Is 1237121 a prime number?
True
Is 251775533 composite?
False
Is 24229949 composite?
True
Is 1450601 a composite number?
True
Is 5080937 prime?
True
Is 45568121 composite?
True
Is 566873 a composite number?
True
Is 143756527 prime?
False
Is 24940777 prime?
False
Is 470283173 prime?
True
Is 337607 a composite number?
False
Is 8881023 prime?
False
Is 69607339 a prime number?
True
Is 17547227 prime?
True
Is 72955222 a composite number?
True
Is 504871 a composite number?
False
Is 88607 prime?
True
Is 3785527 a prime number?
True
Is 482433949 a prime number?
True
Is 444804211 a composite number?
True
Is 599381 composite?
True
Is 5796559 a composite number?
True
Is 8724407 composite?
True
Is 4311553 a prime number?
False
Is 515293 prime?
True
Is 12681161 a composite number?
True
Is 205333789 a composite number?
True
Is 809777 a prime number?
False
Is 32213743 a composite number?
True
Is 252466663 composite?
True
Is 691231 a prime number?
True
Is 594359 a composite number?
False
Is 199808447 prime?
True
Is 14309 composite?
True
Is 10053133 composite?
True
Is 9958529 a prime number?
False
Is 49791919 prime?
True
Is 42109813 composite?
False
Is 6344887 a prime number?
False
Is 64664351 a composite number?
True
Is 78359107 prime?
True
Is 4045883 prime?
True
Is 29499487 composite?
False
Is 22449377 prime?
True
Is 18325119 prime?
False
Is 59593343 a composite number?
False
Is 68263351 composite?
True
Is 13117661 prime?
True
Is 43880501 a prime number?
False
Is 40550837 composite?
False
Is 3980957 a prime number?
True
Is 1097608987 a composite number?
False
Is 5509177 prime?
True
Is 431686751 a composite number?
False
Is 30100963 a prime number?
False
Is 1317331 prime?
False
Is 65091001 prime?
True
Is 1955483 prime?
False
Is 12280145 prime?
False
Is 8108293 a composite number?
False
Is 2296447 composite?
False
Is 276455039 a prime number?
False
Is 156493123 composite?
False
Is 19759822 a prime number?
False
Is 4080722 prime?
False
Is 5525398 composite?
True
Is 8360953 composite?
True
Is 799495 a prime number?
False
Is 38628665 a prime number?
False
Is 12132511 a prime number?
False
Is 3005049 composite?
True
Is 2610649 prime?
True
Is 3015577 a prime number?
True
Is 165931 a composite number?
False
Is 13063879 a prime number?
True
Is 285276631 a composite number?
False
Is 3532279 a prime number?
False
Is 3924581 a composite number?
False
Is 132762659 a prime number?
True
Is 48933205 composite?
True
Is 1233709 composite?
False
Is 7040597 a prime number?
True
Is 231529 a prime number?
True
Is 187806947 a prime number?
True
Is 90767491 a composite number?
False
Is 15924511 prime?
True
Is 712393 a composite number?
True
Is 47415723 a composite number?
True
Is 65724473 a composite number?
False
Is 41907251 prime?
True
Is 254957 prime?
False
Is 4500103 prime?
True
Is 132391403 a composite number?
True
Is 208591381 a composite number?
False
Is 56425931 prime?
True
Is 108868891 a composite number?
False
Is 161951893 a composite number?
True
Is 28402831 prime?
False
Is 156711179 a prime number?
True
Is 38685301 prime?
False
Is 58177 a prime number?
False
Is 52541537 prime?
False
Is 206069 a composite number?
False
Is 29068615 composite?
True
Is 15294821 a prime number?
False
Is 310501 prime?
True
Is 4279589 prime?
True
Is 17392489 composite?
True
Is 23049571 a prime number?
True
Is 2431271 prime?
False
Is 9391277 prime?
False
Is 1167069 a composite number?
True
Is 868957 a composite number?
False
Is 75521377 composite?
True
Is 693601 prime?
True
Is 80768963 prime?
False
Is 3266741 a composite number?
False
Is 11076743 composite?
True
Is 478301 composite?
True
Is 56250761 composite?
True
Is 15513973 composite?
False
Is 55848151 a composite number?
False
Is 363976139 a prime number?
True
Is 25521583 a prime number?
True
Is 9454901 prime?
True
Is 2047597 a composite number?
False
Is 1623263 composite?
False
Is 35572469 prime?
False
Is 10107359 prime?
False
Is 17434427 a prime number?
True
Is 303447 a composite number?
True
Is 86130397 a composite number?
False
Is 1900895 prime?
False
Is 212444369 prime?
True
Is 12881111 prime?
False
Is 3738499 composite?
True
Is 7398133 a composite number?
False
Is 499668101 composite?
False
Is 1121539 a prime number?
True
Is 6857707 prime?
True
Is 5013091 a composite number?
True
Is 71567113 composite?
True
Is 6142979 a composite number?
True
Is 69771743 prime?
False
Is 31511597 composite?
True
Is 13937491 composite?
False
Is 26073497 composite?
False
Is 162300967 a prime number?
True
Is 286661 prime?
False
Is 5149093 composite?
False
Is 91243851 prime?
False
Is 87130081 a composite number?
False
Is 21282323 composite?
True
Is 439426969 a prime number?
True
Is 40583489 prime?
False
Is 4907267 prime?
False
Is 71398573 prime?
True
Is 393307561 prime?
True
Is 26709973 a composite number?
True
Is 115031287 a composite number?
True
Is 103867 prime?
True
Is 75637483 a composite number?
True
Is 404903 a composite number?
True
Is 470713 prime?
False
Is 146329945 a composite number?
True
Is 94016973 a composite number?
True
Is 7165933 composite?
False
Is 1965461 prime?
True
Is 106591 a composite number?
False
Is 45558697 composite?
False
Is 3305359 prime?
False
Is 159287 a composite number?
False
Is 83326961 composite?
False
